{"id":318,"date":"2025-02-14T13:08:15","date_gmt":"2025-02-14T13:08:15","guid":{"rendered":"https:\/\/okoinfo.rs\/?page_id=318"},"modified":"2025-02-14T13:08:16","modified_gmt":"2025-02-14T13:08:16","slug":"impressum","status":"publish","type":"page","link":"https:\/\/okoinfo.rs\/?page_id=318","title":{"rendered":"Impressum"},"content":{"rendered":"\n<p>Naziv medija: <strong>Internet portal Oko info<\/strong><\/p>\n\n\n\n<p>Naziv i sedi\u0161te izdava\u010da: <strong>Udru\u017eenje gra\u0111ana Oko info, Kova\u010dica<\/strong><\/p>\n\n\n\n<p>Adresa elektronske po\u0161te ili internet stranice:&nbsp;<a href=\"mailto:udruzenje.oko@gmail.com\" target=\"_blank\" rel=\"noreferrer noopener\">udruzenje.oko@gmail.com<\/a><\/p>\n\n\n\n<p>Li\u010dna imena glavnog urednika medija: <strong>\u017delimir \u0160ipicki<\/strong><\/p>\n\n\n\n<p>Podatke o nadle\u017enim regulatornim, odnosno nadzornim telima: <strong>RINDS<\/strong><\/p>\n\n\n\n<p>Registracioni broj medija: <strong>IN000926<\/strong><\/p>\n","protected":false},"excerpt":{"rendered":"<p>Naziv medija: Internet portal Oko info Naziv i sedi\u0161te izdava\u010da: Udru\u017eenje gra\u0111ana Oko info, Kova\u010dica Adresa elektronske po\u0161te<\/p>\n","protected":false},"author":1,"featured_media":0,"parent":0,"menu_order":0,"comment_status":"closed","ping_status":"closed","template":"","meta":{"footnotes":""},"class_list":["post-318","page","type-page","status-publish","hentry"],"_links":{"self":[{"href":"https:\/\/okoinfo.rs\/index.php?rest_route=\/wp\/v2\/pages\/318","targetHints":{"allow":["GET"]}}],"collection":[{"href":"https:\/\/okoinfo.rs\/index.php?rest_route=\/wp\/v2\/pages"}],"about":[{"href":"https:\/\/okoinfo.rs\/index.php?rest_route=\/wp\/v2\/types\/page"}],"author":[{"embeddable":true,"href":"https:\/\/okoinfo.rs\/index.php?rest_route=\/wp\/v2\/users\/1"}],"replies":[{"embeddable":true,"href":"https:\/\/okoinfo.rs\/index.php?rest_route=%2Fwp%2Fv2%2Fcomments&post=318"}],"version-history":[{"count":1,"href":"https:\/\/okoinfo.rs\/index.php?rest_route=\/wp\/v2\/pages\/318\/revisions"}],"predecessor-version":[{"id":320,"href":"https:\/\/okoinfo.rs\/index.php?rest_route=\/wp\/v2\/pages\/318\/revisions\/320"}],"wp:attachment":[{"href":"https:\/\/okoinfo.rs\/index.php?rest_route=%2Fwp%2Fv2%2Fmedia&parent=318"}],"curies":[{"name":"wp","href":"https:\/\/api.w.org\/{rel}","templated":true}]}}